econd derivative of -28*x + 0 - 1/20*x**5 + 1/6*x**3 - 1/3*x**4 + 0*x**y. Calculate f(-4).
-4
Let s(n) = n**2 - 17*n + 18. Let u be s(16). Let d(m) be the first derivative of -1/2*m**u + m + 2. What is d(2)?
-1
Suppose 0 = 2*z - 2, -3*z + 61 + 57 = 5*n. Suppose -81 = -n*l + 80. Let r(i) = -i**3 + 8*i**2 - 10*i + 8. Give r(l).
-13
Let s = -123 - -127. Let g(d) = -17*d - 1 + s*d - 20*d**2 + 11*d. Give g(-1).
-19
Let a(d) be the third derivative of d**6/120 + d**5/12 + d**4/8 - d**3/6 + 3301*d**2. Give a(-4).
3
Let l(b) = 3*b - 346 - 427 + 799. Determine l(-24).
-46
Let b(o) = 115806*o - o**2 - 3 - 12 - 115813*o. Give b(-6).
-9
Let g(n) be the second derivative of -3/2*n**2 - 2 + 1/6*n**4 - 5/2*n**3 + 18*n. What is g(8)?
5
Let k(y) be the second derivative of y**5/20 - y**4/12 - 3*y**2 + 9568*y. Suppose q - 3 = -2*h, 2*h + 2*q - 4 - 2 = 0. Give k(h).
-6
Let y(w) = 7*w - w**2 + 373 - 4*w**2 - 8*w - 10*w - 372. Calculate y(-4).
-35
Let p(x) = -x**2 + 32*x - 122. Let o be p(28). Let g(c) be the second derivative of c**5/20 + 3*c**4/4 - 7*c**3/6 + 3*c**2/2 + 5*c. What is g(o)?
-27
Let y(h) = h**3 - 3*h**2 - 4*h + 1. Let m be -16*((-15)/(-4) - (0 + 2)). Let x be ((20/(-4))/5)/(7/m). Determine y(x).
1
Let n = 19 - 18. Let o be (-7)/(-3 + n - -1). Suppose -42 = -j + o*j. Let m(y) = -y**3 - 6*y**2 + 5*y - 10. What is m(j)?
4
Let j(n) = -19*n - 76. Let u(m) = -17*m - 78. Let f(l) = 5*j(l) - 6*u(l). Determine f(-14).
-10
Let g = -20676 + 20686. Let v(m) = -17*m + 167. Give v(g).
-3
Let v(a) be the second derivative of -5*a**4/12 - 7*a**3/6 - 3*a**2 + 2607*a. Determine v(-1).
-4
Let t = -32 + 35. Suppose t*n = -2*r + 13, -4*n + 2*r + 2 = -3*r. Let o(j) = j - n - 5*j - 4*j + 2. Give o(1).
-9
Let m(r) = -2*r + 2. Let y = 467 - 477. Let x be (-9)/4 + (-328)/(-32) + y. What is m(x)?
6
Let k = 30817 + -30818. Let s(d) = -9 + 4 + 5 + 4*d**3. Give s(k).
-4
Let v(f) = -3*f - 2. Let o(r) = -7*r - 7. Let w(h) = 2*o(h) - 5*v(h). Determine w(-2).
-6
Let o(i) = 271*i - 270*i - 1 - 4 - 3. Give o(4).
-4
Let c(d) = d - 1. Let u(a) = 5*a. Let i(v) = 4*c(v) - u(v). Suppose 2*o - 2*z - 18 = 0, 12*o = 14*o + 2*z + 2. What is i(o)?
-8
Let f(s) = -s**2 - 7*s + 2. Let a(g) be the first derivative of 3*g**2 - 11*g - 27 - 2*g**3 + 1/4*g**4. Let h be a(5). Give f(h).
8
Let p(f) = f**2 - 11*f + 21. Suppose -47*n + 300 = 3*n. Give p(n).
-9
Let f(i) be the second derivative of 0 - 2*i**2 + 1/2*i**3 + 113*i. Calculate f(4).
8
Suppose -21 = -x + 3*a, 5*x - 50 = -14*a + 18*a. Let j(b) = -3*b + 12. Determine j(x).
-6
Let p(x) = 6*x - 7. Let z(f) = -f**2 - 3*f + 210. Let a be z(13). Calculate p(a).
5
Let w(z) = -z**2 + 14*z + 15. Let g be -5*((-153)/54 - (-2)/(-12)). Determine w(g).
0
Let a be ((-12)/22)/((-26)/(-143)). Let t = -22 + 16. Let k(v) = -v**3 + 4*v**2 - 7*v - 3. Let d(y) = -y**2 + y + 1. Let h(r) = t*d(r) - k(r). Calculate h(a).
-15
Let p(b) = -9*b**3 + 50*b**2 - 119*b - 194. Let i(w) = 5*w**3 - 25*w**2 + 62*w + 97. Let v(z) = -7*i(z) - 4*p(z). Determine v(23).
5
Let l(n) = -2*n**2 + n - 1. Let f(p) = 13*p**2 - 14*p + 1. Suppose 476*o - 13 = 463*o. Let v(b) = o*f(b) + 6*l(b). What is v(9)?
4
Let z = -1736 - -1216. Let q be 1 - 6*z/12. Let a(f) = -f + 261 - q. What is a(0)?
0
Let d(i) be the second derivative of 1/24*i**4 + 2*i**2 + 26*i + 1/3*i**3 + 0. Let u(z) be the first derivative of d(z). Determine u(0).
2
Let k(c) = -c - 13. Let o(x) = 25*x - 26. Let v(i) = 23*i - 25. Let d(t) = 3*o(t) - 4*v(t). Let w be d(2). What is k(w)?
-1
Suppose -30*d - 78 = -43*d. Let j(s) = d*s**2 + 998*s**3 + 994*s**3 - 5 - 3*s - 1993*s**3. Determine j(5).
5
Let f(j) = j**3 + 7*j**2 - j - 1. Let z be (-90)/18 + (-14)/(-2). Let o be 7*1/(-2)*z. Determine f(o).
6
Let f(z) be the third derivative of -z**7/840 + z**6/30 + z**5/120 - z**4/6 - 7*z**3/6 - 28*z**2 - 2*z. Let a(u) be the first derivative of f(u). Give a(12).
8
Let a(y) = 2*y**3 - 15*y**2 + 9*y - 11. Let m be a(7). Suppose 6*d - 30 = m*d. Let g be 18/45 + (-74)/d. Let v(r) = r**2 + 6*r - 2. Give v(g).
5
Let k(l) be the first derivative of l**2 - 10*l + 650. Give k(9).
8
Let l(k) be the second derivative of 2*k**3/3 + 41*k**2/2 + 2*k + 134. Calculate l(-12).
-7
Let i(p) = -2*p**2 - 29*p - 89. Let r be i(-6). Let k(y) = -2*y**3 + 25*y**2 + 12*y + 12. Give k(r).
-1
Suppose -2*w - 11 = 3. Let q(a) be the second derivative of a**3/3 + 5*a**2 - 7216*a. Give q(w).
-4
Suppose 4*j - 2*u = 622, 2*u - 302 = -6*j + 4*j. Let i = 151 - j. Let k(v) = 2*v**2 - 9*v**2 - 2*v + 6*v**2 - 2. What is k(i)?
-5
Let o(f) be the third derivative of -f**5/30 + 7*f**4/6 + 3*f**3/2 + 929*f**2. Calculate o(14).
9
Let v(i) be the first derivative of -i**4/4 - 4*i**3/3 - 5*i**2/2 - 7*i - 9. Let h be 3/27 - ((-3)/6 - 564/(-216)). Determine v(h).
-5
Let h(l) = -l**3 + 5*l**2 + 5. Let w be 33/22*130/3. Let t = w - 61. Let x(j) = j**3 - 5*j**2 - 4. Let y(a) = t*x(a) + 3*h(a). Give y(5).
-1
Let g(u) = 0*u**2 - u**2 + 7*u**2 - 4 + 4*u + 11*u + 3. Calculate g(-2).
-7
Let h be 2*2*1*2. Let q(m) be the third derivative of -m**5/60 + 3*m**4/8 - 2*m**3/3 + 45298*m**2. What is q(h)?
4
Let h be (1 - (-1)/1)*(-510)/(-20). Let t = h - 63. Let y = -11 - t. Let g(u) = 8*u**3 - 2*u + 1. Calculate g(y).
7
Let v(f) = -f. Let y = -99 - -104. Suppose 0 = -d - r - 10, 32 = d - 4*d - y*r. Calculate v(d).
9
Let a(j) = 15*j + 57. Suppose -61*d + 62*d - 2*f + 2 = 0, -4*d + 6*f - 20 = 0. Calculate a(d).
-153
Let s(q) = -2*q + 18. Let o be -11 + 4 + 2 + 0 + 31. Suppose 38 = 8*r - o. Determine s(r).
2
Let z(c) = -c**2 + 3*c + 6. Let o be 0*(4/(-14) + 99/1155). Calculate z(o).
6
Let r(q) be the second derivative of q**5/20 - q**4/2 + 5*q**3/6 + q**2 + 16*q - 34. What is r(3)?
-10
Let w(o) = 2*o**2 + 13*o - 23. Let m(h) = -7*h**2 + 93*h + 62. Let z be m(14). Calculate w(z).
1
Let i(x) = x**3 - 13*x**2 + 12*x - 6. Let m = 5164 + -5152. Determine i(m).
-6
Let j(x) = x**2 + 12*x - 2. Let s(h) = h**2 + h - 1. Let p(a) = j(a) - 2*s(a). Let o = 15568 - 15558. Determine p(o).
0
Let r(u) = u**3 + 54*u**2 + 104*u + 2. Let s(i) = -i**3 - 3*i**2 + 184*i + 8. Let v be s(-15). Determine r(v).
2
Let b(d) = -24*d**3 - 13*d**2 + d. Let y(t) = 29*t**3 + 15*t**2 - t - 2. Let c(m) = 6*b(m) + 5*y(m). What is c(4)?
10
Let m be -53*(-20)/(-100) + 3/5. Let d(g) = -g**3 - 9*g**2 + 23*g + 133. Determine d(m).
3
Let p(u) = -14*u. Let i be 6*(2 + 87/(-6))*-1. Let l(q) = i - 30 - 24 + q. Let x be l(-20). Calculate p(x).
-14
Suppose b - 534 = 5*j - 563, -3*j + 3 = 3*b. Let o(t) = -t**2 - 2. Determine o(b).
-18
Let z(h) = h**3 + 2*h**2 + 8*h + 6. Let d(b) = 2*b**2 - 18*b + 37. Let m be d(5). Calculate z(m).
-27
Let j(p) = 71*p**2 + 91*p - 1787. Let i(x) = -55*x**2 - 68*x + 1340. Let o(k) = -9*i(k) - 7*j(k). Calculate o(10).
-1
Let o(z) be the third derivative of z**6/120 + 2*z**5/15 - 11*z**3/6 - 87*z**2. Let f = -248 + 240. Give o(f).
-11
Let k(m) = 226628*m + 226645*m - 453287*m + 41. Calculate k(5).
-29
Let x = -212 - -214. Let d(s) = -36*s**2 + 10*s**2 + 7*s**2 + 3 + s**3 + 14*s**x. What is d(5)?
3
Let c(x) = 9*x. Let q(l) = 2*l**2 - 21*l - 5. Let d be q(11). Suppose -u = -d + 1. Suppose -2 = -3*a + 6*a + u*f, -3*a + 3*f + 6 = 0. Give c(a).
9
Suppose 7*w = 8*w. Let i be 0/(-2)*(1 - w). Let s be (i - -15)*((-5)/1)/15. Let f(k) = 2*k - 5. Calculate f(s).
-15
Let u(o) = 3*o**2 + 14*o - 17. Let c(h) = -7*h**2 + 2*h + 5. Let m(w) = 16*w**2 - 5*w - 11. Let d(q) = 7*c(q) + 3*m(q). Let g(b) = -4*d(b) - u(b). What is g(7)?
-12
Let y be (63/(-2))/(-9)*684/133. Let v(u) = -u**3 + 17*u**2 + 22*u - 58. What is v(y)?
14
Suppose -2*w + 38*w = 252. Let l(f) = f - 21*f + w*f + 11*f + f - 32. What is l(0)?
-32
Let b = -2 - 1. Let i(x) = 624*x**2 - 214*x**2 + 3 - 214*x**2 + 5*x - 195*x**2. Determine i(b).
-3
Let n(l) = -l - 6. Let f = -251 - -192. Let t = -9 - 45. Let b = f - t. What is n(b)?
-1
Let p(d) = 3*d + 1 - 3*d - d. Let a(v) = -27 - 18 + 18*v - 121. Let x be a(9). What is p(x)?
5
Let z be ((-15)/(-5))/((-363)/(-4235)). Let r(i) = -i**2 + 39*i - 156. Calculate r(z).
-16
Let h(j) = 143 - 144*j - 172 - 245*j - 10*j**2 - 62*j. Calculate h(-45).
16
Let u(y) be the third derivative of -y**6/120 + 7*y**5/60 + 13*y**4/12 + 7*y**3 + 3463*y**2. Give u(10).
2
Let z be -2*(-11 + 231/22). Suppose 4*c - 5*f + 0*f - 33 = 0, -5*c = -2*f - 20. Let m(